 Suppose -y = -4*b + 5*b - 5, 4*b + j*y - 14 = 0. List the prime factors of b.
2
Let y(k) = 11*k**2 - 3*k - 2. What are the prime factors of y(-3)?
2, 53
Suppose 2*m + 152 = 2*z, 0 = 5*z - 0*m + 2*m - 359. List the prime factors of z.
73
Suppose -4*u + 269 = -3*y, -y - 340 = -5*u + 4*y. Suppose u = -4*q + 17. What are the prime factors of (6/(-1))/(q/8)?
2
Suppose y = 0, 4*f - 76 - 52 = -5*y. List the prime factors of f.
2
Suppose -o - 3*o = s - 82, 2*o - 226 = -3*s. List the prime factors of s.
2, 37
Suppose -2*l = -0*l + 30. Let m be (-5)/(l/66) + 3. List the prime factors of 60/m + (-4)/10.
2
Suppose 5*d - 100 = -5*i, 0*d = 3*i + d - 62. List the prime factors of i.
3, 7
Let g(c) = -c**2 + 18*c + 18. What are the prime factors of g(18)?
2, 3
List the prime factors of 3/(-6)*84/(-2).
3, 7
Let w = 376 - 209. List the prime factors of w.
167
Let g = -105 - -156. What are the prime factors of g?
3, 17
Suppose 5*u + 1 = 11. Suppose 3*m - 5*g + 0 - 14 = 0, -u*m = -5*g - 6. What are the prime factors of m?
2
Suppose 132 = 2*l - 2*v, -5*l + 318 = 2*v - v. Suppose -20 = -4*h - 4*g + l, 3*h = 4*g + 49. List the prime factors of h.
19
Let x(s) = -11*s. Let b(g) = -39*g. Let j(z) = -5*b(z) + 18*x(z). Let h be j(-3). Suppose 0*l = -3*l + h. What are the prime factors of l?
3
Suppose 3*y + 4*y = 574. List the prime factors of y.
2, 41
Let i(j) be the second derivative of j**3/2 + j**2/2 + 2*j. Let d be (6/(-4))/(12/(-16)). What are the prime factors of i(d)?
7
Let m = 95 + 88. List the prime factors of m.
3, 61
Let c be ((-29 - -1)/4)/(-1). Suppose p - 2*b = 14, -3*p + c*b - 2*b = -43. List the prime factors of p.
2
Suppose 2*a - 2*q + 35 = -3*a, -2*a + 2*q = 14. Let p be 7/(35/(-45)) + -2. Let b = a - p. List the prime factors of b.
2
Suppose -132 = 4*d - 476. List the prime factors of d.
2, 43
Let u(p) = -p**3 + 10*p**2 - 12*p. Let f be u(8). Suppose 2*m = f + 16. Suppose -2*c = 2*d - 14, 5*c + 1 = -m. List the prime factors of d.
2, 3
Let k(a) = -2*a + 6. Let t be k(4). Let l = t + 17. What are the prime factors of l?
3, 5
Suppose -3*b + 7 - 1 = 0. Suppose -5 - 27 = -b*t. What are the prime factors of t?
2
Let o(y) = y - 3. Suppose 5*z - 2*g = 15, -3*z - 3*g + 0 = -30. List the prime factors of o(z).
2
Let i(t) = t**2 + t + 14. List the prime factors of i(-6).
2, 11
Suppose 0 = -2*n + 28 - 0. List the prime factors of (-1)/2 - n/(-4).
3
List the prime factors of 114/12*(-6)/(-3).
19
Let c(o) = -o**2 - 8*o - 4. Let z be c(-5). Suppose -m + 2 = -z. What are the prime factors of m?
13
List the prime factors of 3/12 - (-995)/20.
2, 5
Let y be 3/6 + (-5)/2. What are the prime factors of (0 + y)*87/(-6)?
29
Let q be (3 - 4) + 26/2. Suppose q = 4*g - 24. Suppose -g + 5 = -d. What are the prime factors of d?
2
Suppose 0 = 6*p - 0*p - 510. List the prime factors of p.
5, 17
Let y = -281 - -405. What are the prime factors of y?
2, 31
What are the prime factors of (135/(-6))/((-28)/8 + 3)?
3, 5
Let o(d) = -d**2 + 5*d + 6. Let j be o(5). Let w = 38 - j. List the prime factors of w.
2
What are the prime factors of ((-28)/21)/(2/(-312))?
2, 13
Suppose -10 = -z - 5. Suppose 3*r = -5*y + 63, -y + 0*y - 5*r = z. List the prime factors of y.
3, 5
Let t(u) = u**2 - 4*u - 3. Suppose 2 = o + 5. List the prime factors of t(o).
2, 3
Suppose 10 = 3*g + 1. Suppose g = 4*k - 9. What are the prime factors of k?
3
Suppose 2*y - 80 = -3*y. What are the prime factors of y?
2
Suppose 4*m = -2 + 10. Suppose -b - 36 = -m*b. List the prime factors of b.
2, 3
Suppose 6*j - j - 3*o = 35, -4*j = -5*o - 41. What are the prime factors of j?
2
Suppose k - 5*c - 37 - 33 = 0, -5*k = 5*c - 290. Let d = k + -36. What are the prime factors of d?
2, 3
Let s = 38 + 2. List the prime factors of s.
2, 5
Suppose 55 = 2*w - m, 5*w + 5*m - 181 + 6 = 0. What are the prime factors of w?
2, 3, 5
Let t = -22 - -44. What are the prime factors of 1*t + 0/2?
2, 11
What are the prime factors of (8/10)/((-2)/(-50))?
2, 5
Let p(b) = b**2 + 6*b + 6. Let r be p(-4). Let w = 2 + r. Let x(i) = i**3 - i**2 + i + 3. List the prime factors of x(w).
3
Suppose 3*j + 9 = 0, 25 = 4*t + 2*j - 21. Suppose -11 - t = -3*p. What are the prime factors of p?
2
Let x = -27 - -59. List the prime factors of x.
2
Let x(h) = -h**2 + 20*h + 3. What are the prime factors of x(18)?
3, 13
Suppose -13*h = -9*h - 132. List the prime factors of h.
3, 11
Suppose -h - 2*x + 41 + 104 = 0, 435 = 3*h + x. Suppose 5*i = -3*p + h, -5*i - 50 = -2*p + 5. Suppose 6 = -2*a + p. What are the prime factors of a?
17
What are the prime factors of 564/8 + 0 + 3/(-6)?
2, 5, 7
Let d(z) be the second derivative of -3*z**3/2 - 5*z**2 + 4*z. List the prime factors of d(-4).
2, 13
Let g be (44/(-5))/(1/5). Let c = -18 - g. List the prime factors of c.
2, 13
Let h(n) be the second derivative of -n**5/20 - n**4/3 - n**3/6 - 2*n**2 - 3*n. List the prime factors of h(-5).
2, 13
Let f(l) = 2*l - 3. Let r = -2 + 4. Suppose -6 = r*c + 2, n - c - 8 = 0. What are the prime factors of f(n)?
5
Let g = 19 - 7. Suppose -g + 2 = -2*v. Suppose -5*x + 25 = 0, 5*w = 3*w - v*x + 41. What are the prime factors of w?
2
Let o be (-32)/(-24)*3/2. Let n be o*2/2 - 0. List the prime factors of n/(-3)*(2 - 32).
2, 5
Suppose 0 = 6*r + 28 - 184. What are the prime factors of r?
2, 13
Let n be 24/(-10)*5/(-1). List the prime factors of 57/(-2)*n/(-18).
19
Suppose 5 = 2*w - 19. Suppose -35 = -k - w. What are the prime factors of k?
23
Let s = 14 + 12. List the prime factors of s.
2, 13
Suppose 4*r - 4*u = r + 221, -3*u - 147 = -2*r. List the prime factors of r.
3, 5
Let r(a) = -7*a**2 + 9. Let h(s) = -4*s**2 + 5. Let n(j) = -5*h(j) + 3*r(j). Let m = -6 - -6. List the prime factors of n(m).
2
Let k be ((-3)/(-6))/(2/(-236)). Let y = k - -33. Let w = y - -37. What are the prime factors of w?
11
Let w(s) = s**3 + 4*s**2 + 3*s + 1. Let p be w(-2). Let o(f) = 3*f - 2 - 3*f - 3*f**2 - f + f**p + 2*f**2. What are the prime factors of o(3)?
13
Let g(h) = h**3 + 7*h**2 + 6*h - 7. Let a be g(-5). Let y = 7 + -13. Let b = y + a. List the prime factors of b.
7
Let v be (-2 - (1 + -3))/1. Suppose v = -r - 1. Let h = r + 10. List the prime factors of h.
3
Let n(z) = 2*z**2 + 11*z - 4. What are the prime factors of n(-6)?
2
Let y be (-4 + 3)/(0 + -1). What are the prime factors of y*3 - (-3 - 4)?
2, 5
Let t = -9 + 21. Let r = -23 + 19. What are the prime factors of (2/r)/((-3)/t)?
2
Let g(o) = o**2 - 2*o - 6. Let k be g(5). Suppose k*w = 4*w + 80. List the prime factors of w.
2
Let u be 6/12*(1 - 1). Suppose u*l = 2*l - 16. List the prime factors of l.
2
Suppose -3*v - 2*y + 3 = -5*y, -4*y + 50 = 5*v. Let x(f) = f**2 + 3*f - 9. What are the prime factors of x(v)?
3, 5
Suppose o = -3*o + 152. What are the prime factors of o?
2, 19
What are the prime factors of 76/(4 + 35/(-10))?
2, 19
Let f(x) be the second derivative of x**4/12 + 5*x**2/2 - 4*x. What are the prime factors of f(-4)?
3, 7
Let g(j) be the second derivative of 5*j**3/3 + 7*j**2/2 + 9*j. What are the prime factors of g(4)?
47
Let c(p) = -p**3 + 7*p**2 - p + 1. What are the prime factors of c(5)?
2, 23
Let c(o) = o**2 - 9*o - 8. Let l be c(10). Suppose l*s - 9 = s. List the prime factors of s.
3
Let y(g) be the second derivative of -g**4/12 + 5*g**3/3 - 5*g**2/2 + 14*g. Suppose 4*i + 24 = v, 2*i + i = 5*v - 35. What are the prime factors of y(v)?
19
Let c(w) = -w**2 - 6*w. Suppose -2*k - 12 = 6*l - 3*l, l = -4*k - 4. What are the prime factors of c(l)?
2
Suppose 3*g - 73 = i, -6*g + g - 4*i + 133 = 0. Suppose -2*z = -12 + 12. Suppose z = -4*h + 39 + g. What are the prime factors of h?
2
Let j be (0 - (3 + -1)) + 4. Let l(y) = 0*y**2 + 4*y - 6*y**2 + 3*y**j - y**3 + 3. What are the prime factors of l(-4)?
3
Let f(c) = -3*c + 98. What are the prime factors of f(0)?
2, 7
Let a(m) = m + 5. Let b(l) = l**3 + 6*l**2 + 2*l + 2. Let h be b(-6). Let o be 4/h + (-2)/(-5). List the prime factors of a(o).
5
Let c be 2/3 - 230/(-6). Suppose 5*x - c = 41. Suppose 2 = 2*d - x. List the prime factors of d.
3
What are the prime factors of (-7)/((-35)/2)*110?
2, 11
Let y = 69 + 15. Suppose 3*x + 4*f - y = 3*f, -x + 28 = -3*f. List the prime factors of x.
2, 7
Let w(b) = -b + 13. Let h be w(12). Let n = h - -9. List the prime factors of n.
2, 5
List the prime